le of 13?
True
Is 10879071 a multiple of 367?
False
Does 115 divide 3663986020?
True
Is 110 a factor of 71560500?
True
Is 2852 a factor of 112933496?
True
Is 6028037331 a multiple of 10?
False
Is 447256863 a multiple of 386?
False
Does 961 divide 35006498?
False
Is 70 a factor of 62755867?
False
Does 391 divide 239594634?
True
Is 958320530 a multiple of 230?
True
Is 6 a factor of 744832849?
False
Does 15 divide 17544075?
True
Is 87332610 a multiple of 30?
True
Is 57725561 a multiple of 23?
True
Is 153 a factor of 137904867?
True
Does 165 divide 903364467?
False
Does 1908 divide 11717028?
True
Is 137007676 a multiple of 118?
True
Is 148 a factor of 695638776?
True
Is 496232 a multiple of 25?
False
Is 1558527258 a multiple of 51?
True
Does 10 divide 1132074500?
True
Does 1641 divide 4980652?
False
Does 11 divide 561798745?
False
Is 76 a factor of 3325112?
False
Does 1814 divide 197733309?
False
Is 2672 a factor of 306001848?
False
Is 5854920 a multiple of 194?
True
Is 55197889 a multiple of 17?
False
Is 50 a factor of 337873043?
False
Is 3754879960 a multiple of 8548?
True
Is 13 a factor of 8959530?
False
Is 481265440 a multiple of 4028?
True
Is 5203800 a multiple of 1400?
True
Is 774523090 a multiple of 11?
True
Is 207300493 a multiple of 18?
False
Does 10 divide 6216078?
False
Is 47 a factor of 54798011?
False
Is 1429059541 a multiple of 269?
True
Is 8 a factor of 31667792?
True
Does 536 divide 22916965?
False
Is 250397730 a multiple of 81?
True
Does 1153 divide 1944254917?
False
Is 343 a factor of 8025277099?
False
Is 1398617675 a multiple of 7?
True
Does 6 divide 27872564?
False
Is 22 a factor of 1539365058?
True
Is 116429588 a multiple of 92?
True
Is 122996892 a multiple of 4?
True
Is 15 a factor of 32952045?
True
Does 4 divide 323943?
False
Is 760179550 a multiple of 650?
True
Does 35 divide 118880242?
False
Does 88 divide 14888425?
False
Is 157620696 a multiple of 486?
False
Does 583 divide 298560831?
False
Is 85 a factor of 2762245?
True
Is 88 a factor of 4422533780?
False
Is 594 a factor of 104424606?
True
Does 1171 divide 8324639?
True
Is 4340711822 a multiple of 5750?
False
Is 126 a factor of 94992912?
True
Is 62712384 a multiple of 168?
True
Does 78 divide 4700717658?
True
Does 98 divide 1838394685?
False
Is 143726400 a multiple of 48?
True
Is 278 a factor of 56087056?
True
Does 3056 divide 554498976?
True
Is 278 a factor of 344123792?
False
Does 86 divide 224140510?
True
Is 13 a factor of 1995873360?
True
Is 16994341 a multiple of 7?
True
Is 93 a factor of 278256479?
False
Does 3322 divide 572910441?
False
Does 52 divide 1532276512?
True
Is 1206865462 a multiple of 46?
False
Does 11 divide 48744032?
False
Is 76959648 a multiple of 5648?
True
Does 187 divide 1394362615?
False
Is 49444578 a multiple of 18?
True
Is 567 a factor of 27892346?
False
Is 6129852633 a multiple of 4051?
False
Does 6 divide 8257108?
False
Is 119652650 a multiple of 692?
False
Does 23 divide 33427395?
True
Does 37 divide 304317082?
True
Is 4 a factor of 9728668?
True
Is 7 a factor of 145834150?
True
Does 265 divide 412154235?
True
Does 75 divide 6836925?
True
Does 358 divide 2711850?
True
Does 350 divide 782598250?
True
Is 2 a factor of 33420018?
True
Is 2160405 a multiple of 65?
True
Does 5314 divide 782635099?
False
Does 163 divide 36355520?
True
Is 186 a factor of 6241044?
True
Is 92 a factor of 710268310?
False
Is 11 a factor of 30453478?
True
Does 159 divide 6661464?
True
Does 47 divide 179053738?
True
Does 6 divide 31399212?
True
Is 135207723 a multiple of 21?
True
Does 2307 divide 282499071?
True
Is 695316744 a multiple of 6057?
False
Does 15 divide 58707980?
False
Is 5407 a factor of 879351224?
True
Is 1079 a factor of 563325479?
False
Is 564773248 a multiple of 16?
True
Is 2080 a factor of 100953162?
False
Is 1018 a factor of 1697675306?
False
Is 299132480 a multiple of 485?
True
Does 15 divide 2820615?
True
Does 257 divide 86266933?
True
Is 61 a factor of 409756169?
False
Is 56597688 a multiple of 24?
True
Is 20 a factor of 422008300?
True
Does 141 divide 16848718?
False
Does 9 divide 60220819?
False
Is 4718252 a multiple of 17?
False
Is 20984256 even?
True
Is 1558268647 a multiple of 3953?
True
Is 1234083129 a multiple of 687?
False
Is 2061964971 a multiple of 3663?
True
Is 955 a factor of 172217060?
True
Is 52 a factor of 2877537441?
False
Is 49 a factor of 546311388?
True
Is 291100721 a multiple of 2909?
True
Is 389 a factor of 178313590?
False
Does 127 divide 71187437?
True
Is 61 a factor of 4280016?
False
Is 2859157805 a multiple of 1241?
False
Is 7 a factor of 85502613?
True
Does 58 divide 20822696?
True
Is 1534 a factor of 4620426408?
True
Is 655 a factor of 11224634?
False
Is 14 a factor of 3134796?
True
Is 2 a factor of 259302494?
True
Does 62 divide 217891994?
True
Is 2 a factor of 1573956?
True
Does 64 divide 90663552?
True
Is 1346 a factor of 19463160?
True
Is 24 a factor of 175752?
True
Does 21 divide 7024851?
False
Is 881344329 a multiple of 37?
True
Does 15 divide 226514858?
False
Is 367919560 a multiple of 10?
True
Is 6 a factor of 872306?
False
Is 45 a factor of 6038123?
False
Does 151 divide 74770368?
True
Is 30 a factor of 1655338170?
True
Is 30 a factor of 1633110120?
True
Does 3 divide 115276489?
False
Is 11325272 a multiple of 9?
False
Is 13 a factor of 17266366?
True
Is 31307620 a multiple of 441?
False
Does 105 divide 19216365?
True
Is 894566345 a multiple of 3080?
False
Does 631 divide 26975881?
True
Does 50 divide 142017580?
False
Does 100 divide 111680000?
True
Is 25548556 a multiple of 404?
True
Is 85250646 a multiple of 9?
True
Does 33 divide 1641750?
True
Does 30 divide 1241208?
False
Does 115 divide 9285215?
True
Does 8 divide 29678233?
False
Is 220 a factor of 658598444?
False
Does 100 divide 4654300?
True
Does 1077 divide 107580275?
False
Is 896634502 a multiple of 34?
True
Does 791 divide 2786450163?
True
Is 27966952 a multiple of 26?
True
Does 143 divide 245040633?
False
Is 807828478 a multiple of 31?
False
Is 4960308 a multiple of 2?
True
Is 156111096 a multiple of 4547?
False
Is 44 a factor of 2606108456?
False
Is 1416 a factor of 20898744?
True
Is 72974592 a multiple of 19?
True
Does 2268 divide 423160212?
False
Is 10360 a factor of 1044754200?
True
Is 1019936590 a multiple of 121?
False
Does 2712 divide 489870229?
False
Is 7 a factor of 521971165?
False
Is 354720520 a multiple of 2809?
True
Is 661843220 a multiple of 20?
True
Is 321719032 a multiple of 46?
True
Is 969268859 a multiple of 521?
False
Does 36 divide 131055420?
False
Is 4 a factor of 205356430?
False
Is 787 a factor of 119368941?
False
Is 12 a factor of 75095030?
False
Is 13 a factor of 877655636?
True
Is 546382720 a multiple of 170?
True
Is 53802338 a multiple of 83?
False
Is 813802324 a multiple of 2541?
False
Does 23 divide 30771437?
False
Does 13 divide 60833586?
False
Is 1561204764 a multiple of 4278?
True
Is 324013829 a multiple of 31?
True
Does 9 divide 52143647?
False
Is 390 a factor of 517620988?
False
Does 84 divide 59796912?
True
Is 9551161 a multiple of 16?
False
Is 19 a factor of 96420383?
True
Is 5066 a factor of 2728588128?
True
Is 24863978 a multiple of 2966?
True
Does 22 divide 80169035?
False
Does 13 divide 34746005?
False
Is 4381 a factor of 41530462?
False
Does 150 divide 51994350?
True
Does 507 divide 98317440?
True
Does 128 divide 57342057?
False
Is 75 a factor of 4220468400?
True
Is 1625 a factor of 18890625?
True
Does 24 divide 43004328?
True
Is 13 a factor of 87304802?
True
Is 69215542 a multiple of 64?
False
Is 7 a factor of 919722797?
True
Does 724 divide 701043215?
False
Is 6419851 a multiple of 31?
False
Is 139513506 a multiple of 5021?
True
Is 12 a factor of 150530853?
False
Is 417 a factor of 540506452?
False
Is 4 a factor of 4536951?
False
Is 20 a factor of 30746520?
True
Does 233 divide 76880536?
False
Is 24 a factor of 95591064?
True
Is 8411364 a multiple of 52?
True
Is 163099170 a multiple of 10?
True
Does 175 divide 3398804388?
False
Does 15 divide 136611810?
True
Is 24 a factor of 8719872?
True
Is 205920356 a multiple of 21?
False
Is 628715717 a multiple of 9?
False
Is 150683111 a multiple of 13?
False
Is 21 a factor of 74925811?
False
Is 549903120 a multiple of 2615?
True
Is 10 a factor of 2669276?
False
Is 